ase 13
-17489c
Convert 133213403 (base 6) to base 7.
31516524
104025b (base 14) to base 8
35237131
What is 1070407 (base 8) in base 9?
483251
-57607c (base 14) to base 15
-3db571
What is -855125 (base 12) in base 8?
-10013555
Convert 869879 (base 11) to base 4.
11103023213
What is -10010011000100001 (base 2) in base 15?
-1749c
Convert -11010110000010111 (base 2) to base 8.
-326027
Convert 1291934 (base 11) to base 5.
1032243024
Convert -22222002 (base 4) to base 8.
-125202
What is 317284 (base 11) in base 12?
2057b1
2dbb15 (base 14) to base 7
16443225
452c7 (base 13) to base 15
273c0
-283041 (base 10) to base 4
-1011012201
What is -33809 (base 12) in base 3?
-10111001000
What is 10113200000 (base 4) in base 8?
4274000
What is -121235451 (base 6) in base 9?
-4305344
42735076 (base 8) to base 10
9157182
Convert 121133011002 (base 4) to base 12.
22a2316
-121212000200022 (base 3) to base 12
-2bbb02b
Convert -5455484 (base 9) to base 13.
-7b799c
9495789 (base 10) to base 8
44162355
-4fe95 (base 16) to base 8
-1177225
-110020200222 (base 3) to base 15
-4b672
Convert 21200200012 (base 3) to base 13.
53ba9
Convert 1266 (base 13) to base 3.
10121000
What is 1a39911 (base 13) in base 11?
4976464
What is 111011011001011001 (base 2) in base 16?
3b659
443452 (base 9) to base 14
6c806
210569a (base 12) to base 11
3576010
Convert 7747374 (base 10) to base 13.
17b345b
What is -105b3d (base 15) in base 3?
-1110120021211
What is -132210211022 (base 4) in base 10?
-8014154
16ca618 (base 15) to base 13
358ac93
Convert -200022020002010 (base 3) to base 7.
-145454013
What is -21223110102 (base 4) in base 11?
-1482971
What is -49353 (base 10) in base 12?
-24689
-1717354 (base 9) to base 4
-3221211010
-1663943 (base 10) to base 6
-55355235
What is 3772bb (base 14) in base 10?
1902149
What is -498405 (base 10) in base 3?
-221022200110
What is 11332302 (base 4) in base 6?
305230
What is -358eed (base 16) in base 4?
-31120323231
What is -10221202110000 (base 3) in base 5?
-1014220202
-100111110111000 (base 2) to base 3
-1000222212
-1546b60 (base 12) to base 8
-20377370
What is 1126b76 (base 12) in base 10?
3288330
-3502341 (base 6) to base 9
-303087
127484 (base 10) to base 9
213778
21332013 (base 4) to base 11
28757
-2577632 (base 11) to base 10
-4460942
46164 (base 7) to base 5
334012
What is 4579655 (base 10) in base 12?
164a31b
-662820 (base 10) to base 12
-27b6b0
What is -1291792 (base 12) in base 2?
-1110000000110000011110
Convert -86a14 (base 16) to base 13.
-163cca
-405231 (base 7) to base 11
-47985
What is -22041454 (base 6) in base 5?
-132040022
250140 (base 12) to base 16
92dc0
Convert 4355015 (base 6) to base 3.
102001101102
Convert 23731202 (base 8) to base 16.
4fb282
What is -5b13c (base 13) in base 10?
-167192
Convert 112b75 (base 13) to base 2.
1100011001010111011
What is 5892401 (base 11) in base 8?
47160251
What is 101110001001100000 (base 2) in base 13?
68064
What is 19a80a0 (base 13) in base 11?
4866a62
What is 581b41 (base 12) in base 2?
101011001000100100001
1e71d (base 16) to base 13
449b5
-5469a2 (base 11) to base 10
-873006
-138743 (base 9) to base 12
-41356
-11201201020210 (base 3) to base 15
-349c50
What is 76309 (base 11) in base 6?
2213101
Convert 3310440 (base 6) to base 4.
220032120
-112122122232 (base 4) to base 2
-10110011010011010101110
What is -11abc (base 15) in base 7?
-323340
Convert 201a8 (base 16) to base 11.
8a882
What is -1001111100010010111011 (base 2) in base 11?
-1520144
201220100101 (base 3) to base 12
16a83a
What is 15170 (base 10) in base 5?
441140
10022311 (base 5) to base 12
3a162
Convert -101011022020 (base 3) to base 13.
-70032
11201000202 (base 3) to base 8
264673
What is 2b9903 (base 15) in base 5?
1014424103
Convert 2210220202 (base 3) to base 11.
38642
-30301201 (base 6) to base 9
-1555351
What is 1629d (base 15) in base 6?
1310521
-10603612 (base 8) to base 4
-20300132022
Convert -c5c55 (base 14) to base 7.
-4025035
Convert 5c1663 (base 14) to base 10.
3154119
Convert -5a318 (base 15) to base 12.
-11a505
16bdd (base 14) to base 5
3312411
-179a0c (base 15) to base 7
-12513144
Convert -737425 (base 9) to base 15.
-89dbb
What is -5440141 (base 6) in base 9?
-450767
640da0 (base 14) to base 2
1100111010000000000000
Convert 2303220310 (base 4) to base 5.
142021141
19da9 (base 16) to base 11
72620
-46974 (base 10) to base 11
-32324
Convert -321030013 (base 4) to base 3.
-102220022211
1102202 (base 5) to base 6
224112
Convert 14153133 (base 6) to base 9.
813463
What is -809650 (base 15) in base 14?
-b4d720
Convert -412a4 (base 11) to base 6.
-1142535
52e984 (base 15) to base 16
3c3c04
Convert -2252606 (base 7) to base 10.
-281903
Convert -210010112 (base 3) to base 14.
-5884
13b4397 (base 12) to base 6
221014311
1030758 (base 9) to base 4
2012231000
Convert 83238 (base 9) to base 5.
3223442
-39603 (base 13) to base 15
-21833
What is 70cbe (base 15) in base 10?
357254
What is -754863 (base 9) in base 12?
-198349
What is 25502145 (base 6) in base 10?
832529
-2a7a2 (base 13) to base 8
-235027
What is 10131353 (base 6) in base 7?
2324121
-160242 (base 7) to base 11
-21602
Convert -5c929 (base 15) to base 11.
-192179
Convert -56670 (base 11) to base 8.
-240112
Convert 420586 (base 10) to base 13.
11958a
What is 1033572 (base 10) in base 12?
41a170
Convert a9829 (base 11) to base 3.
22002122021
135505 (base 9) to base 3
11012120012
Convert 2413466 (base 9) to base 7.
14056011
8424254 (base 9) to base 5
2123111343
What is -1010001101000100101111 (base 2) in base 16?
-28d12f
-40720 (base 12) to base 11
-58102
What is -122101011000 (base 3) in base 8?
-1233771
What is 238cd83 (base 14) in base 9?
35013740
Convert -10010010110101 (base 2) to base 13.
-437b
What is -18847d (base 14) in base 8?
-3237237
11010111111010011 (base 2) to base 11
76068
Convert -1064a1 (base 13) to base 11.
-243517
Convert -7894 (base 13) to base 4.
-10013110
-1035356 (base 7) to base 3
-20102212122
What is 1056654 (base 7) in base 2?
100000001111001101
-3100146 (base 7) to base 14
-98acd
Convert 1111010010110111010001 (base 2) to base 11.
2299382
What is -132a0d7 (base 15) in base 2?
-110100101010000110110000
What is -63155131 (base 7) in base 11?
-3007670
What is 12660 (base 7) in base 3?
11200210
What is -a827 (base 13) in base 8?
-55473
Convert 826500 (base 14) to base 5.
2111144433
Convert 143915 (base 13) to base 16.
78863
What is -101000100101100101 (base 2) in base 3?
-22110001020
What is 10111011100010110000 (base 2) in base 9?
1400658
Convert -103022101 (base 5) to base 2.
-1101011001011110010
Convert 148b247 (base 13) to base 16.
642ca9
What is -31670a (base 11) in base 4?
-1323230031
What is -252253 (base 9) in base 13?
-545a3
What is -22dba (base 15) in base 16?
-1b1fc
Convert 1010001101111100110 (base 2) to base 5.
41203242
-200001212002121 (base 3) to base 4
-210220112122
Convert 502802 (base 10) to base 16.
7ac12
-1634686 (base 9) to base 8
-3357142
21112011120 (base 3) to base 9
245146
Convert -1232011320 (base 4) to base 5.
-103412221
What is -1160162 (base 9) in base 12?
-2646b5
What is -8634a (base 11) in base 8?
-365133
Convert 34401 (base 12) to base 7.
410125
What is -111020121011020 (base 3) in base 11?
-3a78236
Convert -1745170 (base 9) to base 5.
-222143232
What is -1122112121 (base 3) in base 6?
-410154
Convert 410005213 (base 6) to base 8.
32547011
What is e0827 (base 15) in base 3?
1100002202001
-1884261 (base 9) to base 14
-1d8154
Convert 1283543 (base 12) to base 9.
6781346
What is -532 (base 7) in base 11?
-224
What is 10c37b (base 16) in base 8?
4141573
What is 21d3d4 (base 16) in base 14?
419cb2
1544122 (base 6) to base 5
10413014
-24d5c (base 15) to base 9
-188476
Convert 41050 (base 9) to base 2.
110100110001010
Convert 8851738 (base 9) to base 5.
2204224211
What is -b3238 (base 12) in base 7?
-1662041
-36351a3 (base 11) to base 4
-120021312121
What is 373571 (base 8) in base 11?
88922
-444420 (base 7) to base 4
-103021032
What is 470945 (base 11) in base 15?
eb8a4
What is -1272ca (base 13) in base 5?
-103204143
Convert -77767 (base 11) to base 16.
-1b854
Convert -334cb8 (base 15) to base 16.
-255425
Convert -48070a (base 11) to base 2.
-10111010000101001101
What is -11101010000101011 (base 2) in base 14?
-3196b
Con